Let i(j) = j**3 + 7*j**2 - 18*j - 4. Let y be i(-9). Let n be (y/(-5))/(6/225). What is the greatest common divisor of n and 3?
3
Let v be (14 + 5 + -3)*2. Suppose 2*z + q - v = 3*q, 0 = 4*z + q - 59. What is the greatest common divisor of 15 and z?
15
Suppose 335 - 120 = -3*p - i, -2*p = -3*i + 147. Let h be p/(-60)*(-80)/(-6). Calculate the highest common divisor of h and 2.
2
Let c = 175 + -110. Let k be 4927/c - (-4)/(-5). What is the highest common factor of 30 and k?
15
Let j = -85 - -93. Let t be (14/8)/7 + 2590/j. What is the greatest common factor of t and 36?
36
Suppose -5*m = 2*r - 48, -3*r = -m - 0*r + 13. Suppose 2*f + 7 = 7. Let i(t) = -t**2 + 10. Let v be i(f). Calculate the greatest common divisor of v and m.
10
Suppose -1 + 17 = 2*k. Let d = 26 + -18. Suppose -3*i = -i - d. What is the highest common factor of k and i?
4
Let y(k) = -k**2 + k. Let p be y(2). Let j be (0/(-2))/(p - -4). Let t be (1 + j)/(1/5). Calculate the greatest common factor of t and 10.
5
Suppose -17*v + 488 + 444 = -632. Let z be -1 + 72 - (4 + -2). What is the highest common factor of z and v?
23
Suppose k + 2*l = 2, 3*l + 0 = -4*k + 8. Suppose -3*n - 2*y = -169, 3*y - 121 = -k*n - 5. Calculate the greatest common divisor of 5 and n.
5
Suppose -19*f + 84 = -7*f. Suppose -10 = -f*u + 5*u. What is the highest common divisor of 20 and u?
5
Let r be 1 - (-3)/(-3)*-27. Let s = r - 20. Suppose s*h - 30 = 3*h. What is the highest common factor of 2 and h?
2
Suppose 25*k = 24*k - 3. Let x be (9/6)/(k/(-232)) + 3. What is the highest common factor of x and 17?
17
Suppose -4*z = 4*v - 1964, 0 = 4*v - z - 3*z - 1980. Calculate the greatest common divisor of 34 and v.
17
Let q be (3 + -1)/(16/40). Suppose 101 = 3*b - 4*h - 94, -4*h = -q*b + 325. Let x be 10/b + 908/13. Calculate the greatest common factor of 10 and x.
10
Let c be (-8)/(-2) + 8/20*890. What is the greatest common factor of 405 and c?
45
Let q be (171/(-18))/19*-368. Calculate the greatest common factor of q and 32.
8
Let z = 624 + -435. Suppose 8*x + 55 = 223. Calculate the highest common divisor of z and x.
21
Let i = 6 + -1. Suppose -p - i + 6 = 0. Suppose 3*c - c = 22. What is the greatest common divisor of c and p?
1
Let x = 339 - 310. Calculate the highest common divisor of 145 and x.
29
Let v(d) = 13*d + 23*d - 32*d + 43. Let q be v(-10). Calculate the greatest common divisor of q and 2.
1
Let u be (-532)/(-56) - 1/2. Calculate the greatest common factor of u and 15.
3
Let o(c) be the first derivative of 2*c**3/3 - 7*c**2/2 + 5*c - 1. Let x be o(4). Let b be -4*-54*12/32. What is the greatest common divisor of b and x?
9
Suppose 0 = 7*s - 1760 + 339. Calculate the greatest common divisor of s and 58.
29
Suppose 3*z + 9 = l, 0*z + 5*z + 19 = 2*l. Let k(p) = p**2 - 14*p - 14. Let q be k(15). Let c be 3*64/(4/q). Calculate the highest common divisor of l and c.
12
Let t be 58/7 - (-4)/(-14). Let o be (t - 4)/8*24. What is the highest common factor of o and 24?
12
Suppose 5 = 2*y - 3*n, -2*y = 3*y + n - 4. Let h be (4 + (y - 4))*27. Calculate the highest common factor of 162 and h.
27
Let r(q) = 2*q**3 + 34*q**2 - q + 40. Let c be r(-17). What is the highest common factor of 171 and c?
57
Let z = -8 - -547. Calculate the greatest common factor of z and 49.
49
Let r = 17 + -8. Suppose 783*d - 782*d = 21. What is the greatest common divisor of r and d?
3
Suppose 4*l = 225 + 423. Let b = -51 + 75. Let p = b - 6. Calculate the highest common factor of l and p.
18
Let w be 70 - (-1*1 + 27/27). Calculate the greatest common factor of w and 110.
10
Suppose 0 = 67*s - 611 + 209. Let z be (0 - 2/2) + 5. Suppose 0 = -z*l - o + 187, 6*l = l + o + 245. Calculate the greatest common factor of s and l.
6
Suppose -5*v = -63 - 7. Suppose -3*a - 96 = 5*m, 2*m + 4*a = -3*m - 93. Let u be (140/(-8))/((m/(-6))/(-7)). What is the highest common divisor of u and v?
7
Let f = -86 - -96. Suppose -4 = -4*d + 16. Suppose -d*p + 50 = -4*p. What is the greatest common divisor of f and p?
10
Let j(a) = a**2 - 14*a + 24 + 1 + 22. Let c be j(10). What is the greatest common factor of c and 14?
7
Let y = -95 + 55. Let z be 32/y*(-105)/2. Suppose 20 = 5*t + 5*k, 34 = 4*t - 2*k - 0*k. What is the highest common factor of z and t?
7
Let y be (-1024)/(-48) + (-8)/6. Suppose 0 = -3*z + 5*l + 670, z + 444 = 3*z - 2*l. Calculate the greatest common divisor of y and z.
20
Let c = -156 - -306. Calculate the highest common factor of 15 and c.
15
Let c be (-13)/(-4) - (-4)/(-16). Suppose c*i = -10 + 58. Suppose 4*z - 120 = -z. Calculate the greatest common divisor of z and i.
8
Suppose -3*m + 4*q + 141 = 2*m, -2*m = -2*q - 56. What is the highest common factor of 116 and m?
29
Let r be (-6)/(-9)*12/8. Suppose -1 = -k + r. Suppose 0 = k*a + 3*a - 115. What is the greatest common divisor of a and 23?
23
Let c(k) = 9*k - 14. Let q be c(2). What is the greatest common factor of q and 28?
4
Suppose -j = -v - 308, -v + 212 - 1432 = -4*j. Calculate the highest common divisor of j and 171.
19
Let b = -150 - -144. Let w = -105 + -197. Let o be b/15 + w/(-5). What is the highest common divisor of 12 and o?
12
Suppose -56*u + 48*u = -160. What is the greatest common factor of u and 5?
5
Let n = 309 + -153. Let j be (n/(-20))/((-1)/5). Let w be (1 - j/9)*-3. What is the highest common divisor of 5 and w?
5
Let d be 30/6 + 2/2. Let h(l) = 28*l - 22*l - 23*l - d. Let k be h(-2). What is the highest common factor of 224 and k?
28
Let g be 16/(-144)*(2 + -11). Calculate the greatest common factor of 31 and g.
1
Let k(j) = -6*j + 115. Let w be k(18). Calculate the greatest common factor of w and 7.
7
Let w(d) = -4*d**2 + 31*d + 3. Let y be w(7). Let f(p) = p - 2. Let c be f(4). Let n be (-2)/c + y + -3. What is the greatest common factor of n and 100?
20
Let t = -12 - -5. Let f = 20 + t. Suppose f = -m + 4*d, d - 29 = -3*m - 4*d. What is the greatest common factor of m and 6?
3
Let i be (4/10)/(2/10). Let t(m) = 2*m**2 + 12*m - 18. Let v be t(-8). What is the highest common factor of i and v?
2
Let b(i) = -i**2 + 25*i + 3*i**2 - 19*i. Let q be b(-4). Calculate the greatest common factor of 12 and q.
4
Let p be ((-3)/1 - 0) + (-9)/(-3). Let y(l) = -2*l. Let f be y(-6). Suppose p = u + u - f. What is the greatest common divisor of u and 3?
3
Suppose -10*r = -6*r + 2*l - 94, -101 = -5*r + 3*l. Suppose -630 = -5*z + 140. What is the highest common divisor of r and z?
22
Let u(m) = m**2 + 43*m - 342. Let k be u(7). What is the highest common divisor of k and 800?
8
Let g be (45/(-10))/(-3)*(-8)/(-6). Suppose g*s - 106 + 54 = 0. Calculate the greatest common divisor of 156 and s.
26
Suppose -9*a + 13*a - 320 = 0. Suppose 8*p = -2*p + a. Calculate the highest common divisor of 12 and p.
4
Let j be 0 + 48/8 - -203. What is the highest common divisor of 11 and j?
11
Let x be ((-122)/(-183))/(902/450 - 2). What is the highest common divisor of x and 250?
50
Suppose -y + 68 = 28. Suppose z = -4*z + y. Calculate the greatest common divisor of 64 and z.
8
Let a = -522 - -874. Let v be (6/(-4))/((-12)/a). Suppose -2*p = 2*h - v, -3*p + p + 16 = -5*h. What is the highest common factor of p and 2?
2
Let i be (-1)/(-4) + (-135)/60. Let h = 16 + i. Let t be (-9*1)/(6/(-28)). Calculate the highest common divisor of t and h.
14
Suppose 0 = 258*q - 254*q - 220. What is the highest common divisor of q and 45?
5
Let w be -3 + (0 - -18) + -5. What is the greatest common divisor of w and 430?
10
Let q be (-30)/4*(-56)/35. Let x = 0 - -5. Suppose 13 = x*i - 7. Calculate the highest common factor of q and i.
4
Let k(b) = -b**3 + 4*b**2 - 5*b + 4. Let q be (6 + -4)*(-2)/(-1). Let d be k(q). Let z = 37 + d. Calculate the greatest common divisor of z and 7.
7
Suppose h - 171 = -5216*f + 5211*f, 0 = 5*h - f - 855. Suppose -3*w - 10 + 67 = 0. Calculate the greatest common factor of h and w.
19
Let c(h) = 24*h + 954. Let a be c(-37). Calculate the greatest common divisor of a and 12.
6
Suppose -13 = -3*i - u, 32 = 5*u + 12. Suppose -3*b - 4*o = -i*o - 8, 2*o + 24 = 4*b. Let z be 44 + 2 + -2*1. What is the greatest common divisor of z and b?
4
Let j(o) = 5*o - 6. Let z(n) = n - 1. Let m(u) = j(u) - 4*z(u). Let q = 22 - 9. Let f be m(q). What is the greatest common factor of 44 and f?
1